j) = -5*f(j) - 3*n(j). Is k(14) a multiple of 27?
False
Suppose -4*t = 2*n + 1050, -332 - 192 = n + t. Let j = -482 - n. Is j a multiple of 3?
False
Let g be (1*-5)/(-58 + 57). Suppose 4*t = -25*j + 29*j - 2812, -g*j = 4*t - 3506. Is 92 a factor of j?
False
Suppose -5*p + 11*s - 13*s = -7, -4*s = 5*p + 1. Let q = 0 + 2. Suppose -d + p*r = -6, -q*d + 4*r = 3*d - 30. Is d a multiple of 6?
True
Is (-9 + (-9 - -15))*6547/(-3) a multiple of 16?
False
Let n(d) = 93*d + 5274. Does 2 divide n(-55)?
False
Let g = -60 + 64. Suppose c - 2*i + 258 = -g*c, 0 = i + 1. Let a = c - -130. Is 26 a factor of a?
True
Suppose -5*y - 4*b + 0 = -753, 3*b = 5*y - 774. Let r = 253 - y. Is 55 a factor of r?
False
Let i(q) = 32*q**3 - 2*q**2 + 3*q - 1. Let t(d) = 32*d**3 - d**2 + 2*d - 1. Let k = 46 + -49. Let w(b) = k*i(b) + 4*t(b). Is 8 a factor of w(1)?
True
Suppose -3*k + 5*x - 96 = -3787, -x + 1 = 0. Suppose 0*z = 7*z - k. Does 40 divide z?
False
Let n(d) = -d + 7. Let o be n(4). Suppose 351 = 5*j - 3*a, -5*j - 3*a = -o*j - 153. Suppose 2*l = -4*l + j. Does 6 divide l?
True
Let k = 25 - -6. Let l = 27 - k. Is 8 a factor of 4 + 6 + 8/l?
True
Suppose 0 = -102*y + 124*y + 220. Let o be 38 - (-2 - (1 + -2)). Let d = y + o. Is d even?
False
Let z(i) = -224*i**3 - 22*i - 42. Is z(-2) a multiple of 39?
True
Let c be 5/(-3)*(-4 + 1). Let q(t) = -15*t + c*t + 42 + 9*t. Does 23 divide q(18)?
False
Let n be (-6)/14 - 4/28*-24. Suppose 0 = n*y + 5*w - 27, 3*y - w - 27 = w. Does 15 divide (-6)/y*3240/(-16)?
True
Let c = -1235 + 2142. Is 8 a factor of c?
False
Let q be 12078 + 2 + -12 + 7. Suppose -27*p + q = -12*p. Is p a multiple of 14?
False
Is 3060322/2706 + 4/66 a multiple of 98?
False
Suppose 21*f = 1270 + 2342. Suppose -4*n + y = -140, -n + 2*y = 4*n - f. Is n a multiple of 31?
False
Suppose 524 = -4*q - 4*l, 5*q - 4*l = 4*q - 126. Let b be (-5830)/q + 4/26. Suppose -b = -i - 1. Is 22 a factor of i?
True
Let n = 55 - 51. Suppose 9 = v - 0*v + 3*o, -n*v + 4*o + 20 = 0. Suppose -v*l + 100 = -14. Is 4 a factor of l?
False
Let u(f) = 8*f**3 - 29*f - 9. Is u(6) a multiple of 134?
False
Let d(z) = z**3 + z + 14. Let c be d(0). Suppose 3*x = o + x + c, -x = 1. Let k = 2 - o. Is k a multiple of 18?
True
Let a be 5 - 5*(-8)/(-10). Suppose 36 = -11*p + 2*p. Let v = a - p. Does 5 divide v?
True
Is 9 a factor of (1761/9 - (-3 + 0))*81/3?
True
Let m(y) = -5*y**2 - 5*y - 8. Let o be m(-7). Let w = o - -344. Is w a multiple of 7?
True
Let d(g) = 6*g**2 + 67*g + 328. Does 64 divide d(-61)?
False
Let q(l) = 2*l**3 - 13*l**2 - l - 13. Let z(u) = -3*u**3 + 14*u**2 + u + 14. Let m(x) = -4*q(x) - 3*z(x). Let n be m(-10). Let c = 90 + n. Is 14 a factor of c?
False
Let q(f) = 67*f + 2121. Does 50 divide q(9)?
False
Suppose -2*f + 51870 = -20*d + 24*d, -d + 5*f = -12951. Is 69 a factor of d?
False
Suppose 41272 - 155833 = -27*s. Is 93 a factor of s?
False
Suppose -y - 4*t + 7 = 0, -5*y + 0*y = -4*t - 59. Let r(m) = 38*m + 75. Is r(y) a multiple of 17?
True
Let z = 19 - -14. Suppose 0 = -40*q + z*q + 476. Suppose -782 = -7*m - q. Is m a multiple of 21?
False
Suppose 4*i + 3*b - 237 = 0, -4*i + 5*b = -0*i - 277. Let s = 69 + i. Does 11 divide s?
True
Let v(s) = 4*s**3 - 60*s**2 + 153*s - 17. Let b(y) = -y**3 + 15*y**2 - 38*y + 4. Let u(i) = 9*b(i) + 2*v(i). Is 3 a factor of u(11)?
True
Suppose 5*u = 95 + 75. Is 3 - (1/2 + (-14501)/u) a multiple of 33?
True
Let d = 41 - 39. Let f(l) = l**2 - 1 - 9 + 0 - 4 + d*l. Does 13 divide f(-7)?
False
Suppose 3*t - 5*t = -4*z - 2012, 21 = -3*z. Is 16 a factor of t?
True
Let y be 16984/(-6) - 4/3. Let p = 4193 + y. Suppose 463 + p = 6*j. Does 19 divide j?
True
Suppose -8*q + 2 = -6*q. Suppose 4*a + 9 - q = 0, -c + 169 = 2*a. Suppose -j = 3*l - c, 0*l - 4*l + 226 = -j. Does 19 divide l?
True
Let l(d) = 4 + 24 + 3*d - d**2 + 16*d. Suppose -2*n + 2*c = 6 - 28, 4*c = -4*n + 76. Is 24 a factor of l(n)?
False
Let t = 70 - 62. Suppose 4*u = 3*f + 29, 3*u + 10 = t*u + 5*f. Let x(c) = 3*c - 9. Is 2 a factor of x(u)?
True
Let g = 453 + 1307. Suppose -4*d = -4*s + 2032, -3*s = 4*d + 257 - g. Suppose -v + 3*j + 79 = -11, -4*j - s = -5*v. Does 7 divide v?
True
Let c = 27 + -24. Suppose c*m - 4*k - 304 = 0, 3*k - 5 = 1. Let h = 28 + m. Is h a multiple of 44?
True
Suppose 4*u + 16 + 4 = 0. Does 17 divide 529 + (-8)/(1 + u)?
False
Suppose 14*k + 22316 - 19063 = 67989. Is k a multiple of 136?
True
Let i(j) = j**3 - 16*j**2 + 3*j - 18. Let y be ((-1 - 0) + -1)/((-2)/16). Let x be i(y). Let o = x - 19. Is 2 a factor of o?
False
Does 143 divide -1 - -5 - (-24 + -18562)?
True
Is 8 a factor of ((-165)/(-825))/(1/(-14230)*-2)?
False
Let y(j) be the first derivative of j**4/2 - 5*j**3 - j**2 - 22. Let i be y(8). Suppose 0 = -2*o + 40 + i. Is 11 a factor of o?
True
Suppose 5*i + 5*l = 6*i + 5, 5*i + 3*l - 3 = 0. Let o(y) = 24*y + 608. Is 33 a factor of o(i)?
False
Suppose 17*f + 3*t = 13*f + 2870, 1438 = 2*f + 3*t. Is 4 a factor of f?
True
Let s(a) be the first derivative of a**4/4 - 8*a**3/3 + 7*a**2/2 - 22*a - 46. Is s(9) a multiple of 5?
False
Let m(i) = -i**2 - 3*i + 3. Let s be m(-2). Suppose -5*p - 3*j - 2*j + s = 0, 7 = 3*p + 5*j. Is 2 a factor of (-1*(-4 - -6))/p?
True
Let n(h) = h**2 - 5*h + 8. Suppose -23 = -6*r + 7. Let q be n(r). Suppose 4*m = 8, 0 = -3*s + 4*m - q*m + 383. Is s a multiple of 18?
False
Let c be 756/10 - 2/(-5). Let h be (-1 - 21/6)/((-117)/78). Suppose -3*t + 17 = h*f - c, 5*t = 3*f - 101. Is 7 a factor of f?
False
Let c(d) = -6*d + 39 + 14*d - 9*d - 7*d. Is 19 a factor of c(0)?
False
Suppose -5*i + 4*n + 67253 = 0, -7*n = -11*n - 28. Is 23 a factor of i?
False
Suppose 2*f - 27957 + 4798 = 19485. Is 23 a factor of f?
False
Let c(q) = -2*q**2 + 1. Let k be c(-2). Let o be 9 + (6/(-36) - k/6). Suppose -5*z + 30 = -o. Does 2 divide z?
True
Suppose 4*r - 3*m = 29782, -5*m = 5*r - 2*r - 22351. Is r a multiple of 11?
True
Let c(m) = 50*m**2 + 271*m - 168. Is c(-32) a multiple of 12?
True
Let m = -9528 + 21895. Does 38 divide m?
False
Let x be 6 - (-33 - 0)*2. Suppose l = -2*s - 2 + x, -2*s = -6. Is l a multiple of 3?
False
Let z(l) = -3*l - 16. Let f be z(-16). Let m = f - -51. Is m a multiple of 8?
False
Suppose -5*o + 2*s + 4994 = -o, 3*o - 3748 = 4*s. Is 9 a factor of o?
False
Suppose 5*n = d + n - 9, d + 2*n - 9 = 0. Suppose d*o = 5*o + 744. Suppose 6*m - o + 24 = 0. Does 9 divide m?
True
Let x(u) = -u**3 + 18*u**2 - 23*u + 22. Let t be x(17). Let y = t - -80. Suppose y*v + 4*v + 5*r = 727, 5*v - 884 = 2*r. Is v a multiple of 44?
False
Let h(s) = 153*s**2 - 46*s - 59. Is 10 a factor of h(-17)?
True
Let h(u) = -2229*u + 6274. Is h(-6) a multiple of 80?
False
Let f be 17/((-102)/(-36)) - -8. Suppose 12*h - f*h = -808. Does 14 divide h?
False
Suppose 164*a - 144*a + 11784 = 124904. Does 28 divide a?
True
Suppose 4*m - 10014 - 1074 = 0. Suppose -324*s = -317*s - m. Is 66 a factor of s?
True
Does 19 divide ((-2212)/(-12))/((-1)/(-42))?
False
Let t(m) = 79*m**2 + 84*m - 65. Is t(10) a multiple of 25?
True
Let u(i) = -394*i + 426. Is u(-6) a multiple of 30?
True
Let a(n) = 24*n + 16*n + 4 + 6 + 30. Let g be a(15). Suppose -23*s = -18*s - g. Does 32 divide s?
True
Let h be ((-60)/(-75))/(1 + 3/(-5)). Does 15 divide 2*h/4*(-3 - -296)?
False
Let t(j) = -j**3 - 15*j**2 - 11*j - 3. Let k be t(-14). Is 24/(-54) + (-17030)/k a multiple of 13?
False
Suppose -160 + 1540 = 30*l. Does 23 divide l/14 + -3 - (-5787)/7?
False
Suppose -20*a - 6712 = -24*a. Suppose -a - 368 = -11*k. Is k a multiple of 12?
False
Does 11 divide (-450)/(-6975) - 1322952/(-62)?
False
Let b(x) = 185*x - 5. Let h = 110 - 109. Is b(h) a multiple of 9?
True
Does 14 divide (4/3)/(45508/(-4557) + 10)?
True
Suppose -4*t + 2*b + 52 = 0, 6*t - 2*b - 63 = t. Suppose 2*h + 1 - t = 0. Suppose 0 = 5*z + 2*f - 223 + 85, 4*z - h*f - 117 = 0. Is z a multiple of 28?
True
Let j(n) = 4767*n + 1151. Is 205 a factor of j(5)?
False
Let o = -5159 + 6299. Is o a multiple of 19?
True
Let z(r) be the first derivative of r**3 + 5*r**2/2 + 7*r + 8. Is z(8) a multiple of 18?
False
Suppose 2*j + 416 = 6*j - 4*d, 2*j = -5*d + 173. Let y = j - 21. Is y a multiple of 28?
False
Let u(v) = 60*v**2 + 18*v + 30. Let c(l) = -2*l**2 - l - 1. Let b(o) = 18*c(o) + u(o). Is b(3) a multiple of 38?
True
Suppose 0 = -4*p + 11*p - 25018. Supp